561. What is j(-11)?
5
Let h(q) = 13*q**2 + 906*q - 342. What is h(-70)?
-62
Let s(r) = 2*r**3 - 40*r**2 + 38*r - 77. Give s(19).
-77
Let o(v) = v**2 - 3*v - 41. What is o(7)?
-13
Let x(k) = -k**2 - 160*k - 6374. What is x(-75)?
1
Let s(u) = u**3 - 13*u**2 - 3*u - 52. What is s(14)?
102
Let r(i) = -2*i**2 + 119*i + 25. Give r(60).
-35
Let d(b) = 3*b**2 - 33*b - 9141. What is d(-50)?
9
Let m(a) = 105*a**2 - 32*a + 33. What is m(2)?
389
Let l(b) = -b**3 + 80*b**2 + 9. Calculate l(80).
9
Let r(t) = 10*t - 149. Calculate r(32).
171
Let t(o) = 34*o - 229. Calculate t(18).
383
Let w(z) = 417*z + 3334. Give w(-8).
-2
Let u(y) = y**3 - 33*y**2 - 106*y + 1272. Calculate u(35).
12
Let t(m) = -m**2 - 438*m + 1750. Give t(4).
-18
Let t(h) = h**3 - 17*h**2 - 33. What is t(17)?
-33
Let u(s) = -s**3 - 13*s**2 - 34*s - 8. Determine u(-10).
32
Let u(j) = 2*j**3 + 9*j**2 - 5*j + 24. Determine u(-7).
-186
Let f(i) = -8*i + 82. Give f(4).
50
Let a(q) = -72*q - 4033. Calculate a(-53).
-217
Let d(y) = 2*y**2 + 320*y - 1289. What is d(-164)?
23
Let d(t) = -t**3 - 108*t**2 + 100*t - 959. What is d(-109)?
22
Let s(d) = 15*d**2 - 86*d - 4. What is s(6)?
20
Let a(j) = 52*j - 142. Calculate a(11).
430
Let z(k) = -k**2 - 37*k + 1147. What is z(-57)?
7
Let y(s) = 2*s**3 - 18*s**2 - s - 39. What is y(10)?
151
Let k(m) = m**2 + 20*m - 37. Determine k(-18).
-73
Let f(j) = -j**3 - j**2 + 17*j - 15. What is f(-4)?
-35
Let u(w) = 8*w**2 - 102*w + 134. What is u(11)?
-20
Let k(p) = -41*p**3 - 3*p**2 - 11*p - 26. What is k(-2)?
312
Let y(n) = -221*n - 3305. Calculate y(-15).
10
Let n(w) = -6*w**3 - 109*w**2 + 93*w - 9. Calculate n(-19).
29
Let q(r) = -52*r + 305. What is q(6)?
-7
Let l(a) = -3*a**2 + 37*a + 111. What is l(15)?
-9
Let k(v) = -2*v**3 - 58*v**2 + 59*v + 9. Calculate k(-30).
39
Let q(r) = 10*r**2 - 234*r + 1158. What is q(7)?
10
Let p(d) = -d**3 - 101*d**2 + 107*d + 508. Give p(-102).
-2
Let m(s) = -s**3 - 70*s**2 + 61*s - 11537. Give m(-73).
-3
Let b(d) = -d**2 - 254*d - 13819. Determine b(-79).
6
Let k(q) = 1889*q + 5668. Give k(-3).
1
Let d(o) = -o**2 - 862*o - 13542. Give d(-16).
-6
Let g(l) = l**3 - 53*l**2 + 380*l - 899. Calculate g(45).
1
Let h(a) = -a**3 - 10*a**2 - 8*a - 93. Give h(-10).
-13
Let y(w) = 70*w - 1117. What is y(16)?
3
Let k(r) = -24649*r + 123236. Give k(5).
-9
Let s(t) = 30*t - 4189. Determine s(139).
-19
Let t(n) = -n**3 - n**2 - 5*n - 9. Calculate t(4).
-109
Let f(w) = -27*w + 857. Determine f(30).
47
Let s(k) = -k**3 - 9*k**2 - 4*k - 74. Calculate s(-10).
66
Let f(w) = 38*w + 27. Calculate f(5).
217
Let s(c) = -6398*c + 191946. Calculate s(30).
6
Let q(v) = -v**2 - 30*v - 182. Give q(-9).
7
Let k(w) = -60*w + 1493. What is k(25)?
-7
Let n(i) = -37*i**2 + 4*i + 16. Give n(4).
-560
Let b(o) = -19809*o + 59443. What is b(3)?
16
Let f(y) = -11*y + 158. Determine f(9).
59
Let c(u) = 6*u**2 - 151*u - 122. Give c(26).
8
Let v(w) = 27380*w - 82136. Give v(3).
4
Let p(k) = -108*k**3 - k**2 + 2*k - 1. Calculate p(1).
-108
Let j(u) = -u**2 - u - 19. What is j(-8)?
-75
Let x(n) = -n**3 + 36*n**2 + 206*n + 9. Give x(41).
50
Let j(v) = -8*v - 43. What is j(-22)?
133
Let r(l) = 2*l**3 - 40*l**2 - l - 5. What is r(20)?
-25
Let m(c) = -194*c + 2292. Calculate m(11).
158
Let b(r) = -r**3 - 2*r**2 + 34*r + 119. Determine b(-5).
24
Let o(m) = -17*m**2 + 8*m + 11. What is o(-6)?
-649
Let h(m) = -18*m + 156. Give h(14).
-96
Let r(p) = -p**3 + 20*p**2 - 45*p + 54. What is r(18)?
-108
Let q(i) = -5*i**3 + 11*i**2 - 13*i. Give q(1).
-7
Let o(d) = -d**2 - 8*d + 394. Give o(26).
-490
Let i(l) = 51*l - 1277. Determine i(19).
-308
Let g(b) = -2*b**3 - 98*b**2 + 96*b - 308. Give g(-50).
-108
Let w(n) = -2*n**2 - 67*n + 201. Give w(-36).
21
Let k(a) = a**3 + 52*a**2 + 231*a - 181. Calculate k(-47).
7
Let h(j) = -j**2 - 4*j + 25. What is h(7)?
-52
Let i(h) = -2*h**2 + 36*h + 280. Determine i(-6).
-8
Let i(b) = -b**3 + 43*b**2 - 83*b + 61. Give i(41).
20
Let o(n) = 2*n**3 - 86*n**2 + 898*n + 41. Give o(25).
-9
Let r(l) = -191*l + 7435. What is r(39)?
-14
Let q(i) = -3*i**3 + 52*i**2 - 105*i - 15. Give q(15).
-15
Let r(n) = -5*n**2 + 112*n - 156. Calculate r(21).
-9
Let b(d) = -d**3 + 18*d**2 - 58*d - 20. Give b(14).
-48
Let p(h) = -6601*h - 26381. Calculate p(-4).
23
Let d(k) = 9*k**2 + 142*k + 420. Calculate d(-12).
12
Let a(q) = -344*q - 34089. What is a(-99)?
-33
Let n(r) = r**3 - 17*r**2 + 44*r - 232. Determine n(15).
-22
Let o(w) = -2*w**2 - 430*w + 14157. Calculate o(29).
5
Let l(s) = 4*s**2 - 12*s - 13. What is l(4)?
3
Let s(n) = n**3 + 7*n**2 - 19*n + 8. Determine s(-9).
17
Let t(a) = 39*a**3 + 4*a**2 - 2*a - 1. Calculate t(2).
323
Let t(p) = 2*p**3 + 23*p**2 + 8*p - 49. What is t(-11)?
-16
Let j(t) = -5*t**3 + 546*t**2 - 107*t - 184. Determine j(109).
34
Let q(f) = -f**2 - 12*f - 2. Give q(8).
-162
Let t(m) = 56*m - 11598. Calculate t(207).
-6
Let w(t) = -7*t**2 - 100*t + 123. What is w(-15)?
48
Let k(i) = 20*i**2 - 46*i - 4. What is k(2)?
-16
Let i(s) = 10*s**2 + 164*s + 64. Give i(-16).
0
Let q(o) = o**3 + 11*o**2 - 5*o - 216. Determine q(-6).
-6
Let k(j) = -j**3 + j**2 + 297*j - 1638. Determine k(6).
-36
Let q(u) = 31*u**2 - 50*u + 2. Give q(1).
-17
Let u(z) = 71*z**3 + 419*z**2 - 44*z - 9. Give u(-6).
3
Let t(h) = 120*h + 90. Give t(-1).
-30
Let j(k) = -k**2 - 365*k - 2160. Determine j(-6).
-6
Let w(h) = -63*h**3 - 11*h**2 - 13*h + 6. Determine w(-2).
492
Let v(q) = -55*q + 1716. Give v(31).
11
Let v(i) = -16*i**2 + 31*i - 1. Determine v(2).
-3
Let f(s) = -s**3 + 20*s**2 + 60*s - 140. Give f(22).
212
Let k(t) = -43*t + 2. Determine k(5).
-213
Let k(h) = -5117*h + 40933. Calculate k(8).
-3
Let g(t) = -774*t - 3869. Give g(-5).
1
Let v(b) = -4*b**2 + 33*b - 134. Calculate v(5).
-69
Let w(y) = 5*y**2 + 171*y - 711. Determine w(-38).
11
Let j(o) = 2*o**2 + 55*o + 72. Determine j(-22).
-170
Let q(t) = 6*t - 55. Calculate q(-23).
-193
Let s(j) = -4*j**3 - 7*j**2 - 6*j - 3. What is s(-2)?
13
Let l(k) = 2*k**3 - 91*k**2 - 47*k + 46. What is l(46)?
0
Let n(s) = -2*s**3 + 4*s**2 + 100*s - 29. Give n(8).
3
Let v(d) = -d**3 - 42*d**2 - 360*d - 10. Give v(-30).
-10
Let g(r) = -2*r**3 + 78*r**2 - 78*r + 69. Determine g(38).
-7
Let y(t) = -3*t**2 + 35*t - 177. Calculate y(7).
-79
Let l(k) = -2*k**3 - 41*k**2 + 20*k - 20. Determine l(-21).
1
Let u(j) = 478*j - 1322. Determine u(3).
112
Let t(k) = k**3 + 15*k**2 - 8*k - 108. Determine t(-7).
340
Let o(r) = -r**3 - 7*r**2 - 13*r + 148. What is o(3)?
19
Let f(p) = -456*p**2 - 2745*p - 46. Determine f(-6).
8
Let p(q) = -q**2 + 8*q + 29. Calculate p(-6).
-55
Let c(u) = 79*u - 1905. Give c(25).
70
Let y(o) = -o + 5. Determine y(3).
2
Let s(x) = -12*x**3 + 242*x**2 - 27*x - 224. Give s(20).
36
Let u(h) = 11*h + 77. What is u(5)?
132
Let q(k) = -9*k + 51. Give q(4).
15
Let l(z) = -z**3 + 28*z**2 + 904*z - 507. Determine l(47).
10
Let q(y) = 5*y - 40. Determine q(8).
0
Let v(l) = -3*l**3 + 5*l**2 - 19*l + 59. Determine v(5).
-286
Let f(m) = -m**3 + 26*m**2 + 311*m + 28. Determine f(35).
-112
Let l(j) = -24975*j - 124871. Give l(-5).
4
Let k(b) = -b**2 - 154*b + 1826. Calculate k(11).
11
Let n(t) = t**2 - 109*t + 1140. Determine n(13).
-108
Let q(g) = g**2 - 105*g + 2055. Calculate q(79).
1
Let v(b) = -11*b - 654. Determine v(-76).
182
Let s(z) = -2*z**3 + 36*z**2 + 25*z - 996. Give s(17).
7
Let p(o) = o**3 + 72*o**2 - 6*o - 440. What is p(-72)?
-8
Let f(o) = -o**3 + 23*o**2 + 15*o + 85. What is f(23)?
430
Let o(h) = -h**2 - 12*h + 16. Give o(-11).
27
Let i(u) = 25*u**2 - 161*u + 9. What is i(6)?
-57
Let c(n) = n**3 + 16*n**2 + 48*n - 37. Calculate c(-5).
-2
Let o(w) = w**2 + 6*w - 1363. Give o(34).
-3
Let f(c) = c**2 + 297*c - 10895. What is f(33)?
-5
Let u(r) = -2*r**2 - 19*r - 17. Give u(-8).
7
Let s(w) = 196*w + 11452. What is s(-58)?
84
Let f(h) = 690*h - 5515. Give f(8).
5
Let l(c) = 89*c + 722. Determine l(-8).
10
Let h(x) = x**2 - 191*x + 2357. Calculate h(13).
43
Let f(w) = -4*w**2 - 32*w - 25. Determine f(-7).
3
Let y(k) = -2*k**3 + 12*k**2 - 23*k + 145. Calculate y(6).
7
Let i(t) = -t**3 + 19*t**2 - 89*t + 47. What is i(11)?
36
Let s(d) = 280*d - 850. Determine s(3).
-10
Let z(x) = 320*x - 319. Give z(1).
1
Let t(n) = -n**3 - 24*n**2 - 47*n - 40. What is t(-22)?
26
Let k(w) = -787*w + 14166. Give k(18).
0
Let u(g) = -g**